r(3).
-13
Let r(n) = -n**2 + 23*n + 1. Let q(a) = -4*a**2 + 55*a - 19. Let c(z) = -q(z) + 3*r(z). Calculate c(-4).
-18
Let h(c) = 2 + c**3 + 6*c - 3*c**2 + 3*c + 9*c**2 - 13*c + 6*c. What is h(-5)?
17
Let i(x) = -x**3 + 9*x**2 - 9*x + 4. Let c(n) = -53*n - 6. Let o be c(-1). Let h = o - 39. What is i(h)?
-4
Let r(h) = h**2 + 3*h + 3. Suppose -2*k - 41 = -k + 3*f, -4*k - 2*f = 114. Let z be ((-64)/(-6))/((-2)/6). Let l = z - k. Calculate r(l).
21
Let s = -681 + 681. Let v(f) = -f**3 + f**2 - 3*f. What is v(s)?
0
Let g(y) = 13 + 2*y + 2*y - 3*y - 1. Let h(p) be the first derivative of -5*p**2 - 107*p - 133. Let f be h(-10). Give g(f).
5
Let j be ((-280)/(-35))/((-6)/(-21) + 15/21). Let r(p) = -p**2 + 133*p - 998. Calculate r(j).
2
Let z(c) = c + 11. Let x(g) = 48*g + 263. Let o(q) = -x(q) - 4*z(q). Give o(-6).
5
Let q be 13 - ((-3)/5 - (-91)/35). Suppose -q*h = -6*h - 30. Let j(b) = 1 + 15*b - h*b**2 - 13*b - 6*b**2. Determine j(-1).
-13
Let j = -1859 - -1866. Let d(r) be the third derivative of -r**4/24 - 5*r**3/6 + r**2. Calculate d(j).
-12
Let v(o) be the second derivative of -o**5/10 - o**4 - o**3/6 + o**2/2 - 1950*o. Calculate v(-6).
7
Suppose -2*p + 6*c - 1 = c, 7 = p + 5*c. Let r(n) = n**3 - 3*n**2 + 1. Let k(a) = 5*a**3 - 15*a**2 + a + 3. Let g(u) = -2*k(u) + 9*r(u). What is g(p)?
3
Let n(a) = -8*a + 55. Suppose -28*y + 47 - 40 = -189. Determine n(y).
-1
Let m(l) = -l**2 - 2*l + 2. Suppose -5*j = -0*d - 4*d - 78, -5*d = 4*j - 46. Let s = 94 - j. Let x = s - 83. Give m(x).
-1
Let z(q) = -42*q + 528. Let p(d) = d - 11. Let i(o) = -48*p(o) - z(o). Determine i(-1).
6
Let y(k) be the first derivative of 2*k**3/3 + 59*k**2/2 - 35*k - 1335. What is y(-30)?
-5
Let u(a) = -18*a. Let h(d) be the first derivative of -d**2/2 - 3*d + 108. Let c be h(-4). Give u(c).
-18
Let d(i) = -2*i**2 + 8*i + 10. Let w = -340 + 347. What is d(w)?
-32
Let d(f) = 2*f**2 - 11*f + 15*f - 7*f. Let b be d(2). Let w(j) = 3*j**b + 262*j**3 + 0*j - 263*j**3 + 2*j. Give w(3).
6
Let q(c) be the second derivative of 13*c**3/6 - 2*c**2 + 422*c. Determine q(6).
74
Let u(d) = -6*d - 79. Let f be u(-13). Let r(n) be the second derivative of 4*n**4/3 - n**3/3 - n**2/2 - 20*n - 12. Give r(f).
17
Let i(n) = n**3 + 10*n**2 + 6*n + 1. Suppose -155 + 385 = -28*m + 5*m. Determine i(m).
-59
Let n(b) be the first derivative of -b**5/60 - b**3/3 - 4*b**2 + 8*b - 129. Let s(r) be the second derivative of n(r). What is s(-2)?
-6
Let o(p) = p**3 - 5*p**2 - 5*p - 2. Let k be o(6). Let f(g) be the second derivative of -g**4/12 + g**3/3 + 3*g**2 - 179*g - 4. Determine f(k).
-2
Suppose 0 = 13*w - 0 - 0. Let b(i) = -3*i**2 - 3*i - 2. Let x be b(-1). Let l be (w - -1)/(x/6). Let g(y) = -8*y - 1. Calculate g(l).
23
Let i(g) = -6 + 19 - 7 + g - 13. Suppose 6 = -4*h - 14. Give i(h).
-12
Let i(b) = b**2 + 3*b + 1. Let j(f) = f**2 - 5*f - 28. Let n(h) = 2*h**2 - 18*h - 23. Let q be n(10). Let d be j(q). Calculate i(d).
5
Suppose -3*w + 6 = -3*q, 0*w = -2*w - 3*q - 6. Suppose w = 15*v - 12*v - 75. Let f(j) = v*j - 14*j - 3*j - 9*j. Determine f(8).
-8
Let q(o) = -99*o + 301. Suppose -183*y - 5 = -185*y - r, -4*r + 5 = 3*y. What is q(y)?
4
Suppose -1 = -5*m - 26. Let r(k) = -88*k**3 + k**2 + 5*k - 2. Let w(x) = -23*x**3 + x - 1. Let v(a) = -6*r(a) + 23*w(a). What is v(m)?
-1
Let i(d) = 3*d**2 + 2 + d - 2*d**2 + 2*d - 4*d. Suppose -15*w - 2*w - 119 = 0. Let c(u) = -6*u - 45. Let r be c(w). Give i(r).
14
Let d(y) = -y**2 - 6*y + 1. Let x(m) = m + 4. Let l be x(0). Let s be (18/27)/((-146)/(-144) - 1). Suppose 5*h = -4*r - s, -l*r - 1 = -5*h + 7. Determine d(r).
-6
Let a(j) = 8*j + 52. Let i = -584 + 569. Determine a(i).
-68
Let q(j) = 9*j + 21. Suppose 0 = 2*c + 5*v + 11, 3*c - 4 = -5*v - 23. Determine q(c).
-51
Let i(l) be the second derivative of l**6/120 - 3*l**5/20 + l**4/24 + 101*l**2/2 - 2*l + 21. Let x(d) be the first derivative of i(d). What is x(9)?
9
Let z(h) be the first derivative of -7*h**2/2 - 3*h + 10329. Let o be 22/(-8) - (-2)/(-8). Determine z(o).
18
Let g = 396 + -391. Let z(v) = -11*v + 9*v + g - 10 - 12. Calculate z(-12).
7
Suppose -20 = 5*h, 3*h - 4*h + 74 = o. Suppose 9*g - o = -4*g. Let s(k) = -k**3 + 5*k**2 + 3*k + 7. What is s(g)?
-11
Let q = 38 - 7. Let d(z) = 4 + 30*z**2 - 3 - q*z**2. Give d(4).
-15
Suppose -6*f - 40 = -2*f. Suppose -2*d - 20 = -4*c, 2*d + 114*c - 109*c - 7 = 0. Let j be (f/d)/(28/(-56)). Let o(u) = -u**2 - 8*u - 4. What is o(j)?
11
Let j(n) = n**2 + 5*n + 4. Suppose -478 = -2*a - 452. Suppose 2*k + a + 1 = 2*t, 3*k + t + 17 = 0. What is j(k)?
10
Let x(z) = -5*z - 39. Let q(n) = -5*n - 33. Let p(u) = -5*q(u) + 4*x(u). Let b(i) = -14*i - 17. Let l(w) = 2*b(w) + 5*p(w). What is l(9)?
-16
Let p be 18/(-42)*(-7)/(-1). Let y(a) = 7*a**2 + 23*a - 3. Let g(b) = -4*b**2 - 12*b + 2. Let u(s) = p*y(s) - 5*g(s). Determine u(-11).
-23
Let v = -2032 - -2031. Let a(p) = 38*p**2 + 2*p + 1. Give a(v).
37
Let q = 255751 - 255745. Let j be 0/((2 + 0)*-1). Let y(d) = -2*d - 2 + j*d**3 - 3*d - d**3 + 7*d**2. Determine y(q).
4
Let v(z) = -301*z**2 - 59*z + 299*z**2 + 4 + 2*z**3 - 57*z + 119*z. Calculate v(3).
49
Let p(k) = -24*k + 349. Let z(q) = 5*q - 88. Let j(x) = 3*p(x) + 11*z(x). What is j(4)?
11
Let a(v) = -29*v + 151. Let s be 546/(-39) + (0 - -19). Determine a(s).
6
Let q(g) be the second derivative of g**4/12 - 7*g**3/3 + 17*g**2 + 28*g + 39. Determine q(12).
10
Suppose 3*t - 20*v + 15*v = 32, 4*t - 12 = -v. Let c(x) = -3 + 2*x**2 - 3*x + 5 + x. What is c(t)?
26
Let x(f) = f**3 - 8*f**2 - 17*f - 22. Let c be x(10). Let p(l) = l**2 + 6*l + 3. Determine p(c).
115
Let p(y) = -17*y + 174. Let s be p(10). Let h(j) = 20 + 12 - 20 - 3*j + s*j. Calculate h(-7).
5
Let v(f) = -24*f**3 - 11*f + 25*f**3 - 11*f - 5 + 5*f**2 + 7*f**2 + 25*f. What is v(-11)?
83
Suppose -5*s - h = 26 + 57, -3*s = -5*h + 61. Let b(o) = -2*o**2 - 32*o + 5. Determine b(s).
-29
Let v(a) = 282*a**2 - 278*a**2 - 1 + 5*a - 6 + 3 - a**3 - 1. What is v(5)?
-5
Let b(n) = 2*n**3 - 4*n**2 - 30*n + 12. Let o be b(5). Let g(v) = -2*v + 27. Give g(o).
3
Let k(v) = -4*v**2 - 242*v - 123. Let f be k(-60). Let r(d) = d**2 - 4. Determine r(f).
5
Let l(t) = 7*t. Let s(j) = j + 2. Let y be s(18). Let b(z) = -2 - 15*z + 0 - 6*z + y*z. Let a(o) = -6*b(o) - l(o). What is a(10)?
2
Let z(j) = -4*j + 4*j**2 - 11 - 603*j**3 + 602*j**3 - 9*j**2. Give z(-5).
9
Let o(d) = -4*d**2 + 22*d + 21. Suppose 23*r - 7*r + 28*r + 44 = 0. Calculate o(r).
-5
Suppose -5*k + 7*k - 3*r = 48, 0 = -k + r + 23. Suppose k*b - 208 = -61. Let j(s) = -s + 2. What is j(b)?
-5
Let l(r) = -r**3 + 8*r**2 - 5*r - 12. Let y be l(6). Suppose 0 = 4*m - 3*b - y, -7 = -4*m - 3*b + 11. Let k be -1*m - (-1 - -2). Let v(i) = i + 14. Give v(k).
7
Let t(g) be the third derivative of -4*g**2 + 1/2*g**3 + 0 + 1/24*g**4 - 12*g. Determine t(-8).
-5
Let o(x) = -x**2 + 13*x - 8. Let l be (-350)/20*28/(-35). What is o(l)?
-22
Let k = -24 + 27. Let t(g) be the third derivative of 13*g**2 + 1/3*g**3 + 5/24*g**4 + 0 + 0*g. What is t(k)?
17
Let j be (1665/(-1170) - 3/39)*-4. Let n(p) = -8*p + 8. Determine n(j).
-40
Suppose 3*w = -2*b - 1748, b - 5*w + 721 = -127. Let d = -876 - b. Let z(i) = 8*i**2 + 2*i - 3*i + 0*i**3 + i**3. Calculate z(d).
8
Let g(y) = 2*y**2 - 7*y + 5. Suppose b - h = 6, b - 17 = -b + h. Let q be (-1 - 72) + (2 - (b - 5)). Let i = q - -81. Calculate g(i).
9
Let p(n) be the second derivative of 79*n**5/20 + n**4/6 - n**3/6 - n**2 - 1108*n. What is p(-1)?
-78
Let d(t) = -t**2 - 9*t - 14. Let x = -9332 - -9326. Give d(x).
4
Suppose -5*f - 3*m + 55 = 0, 0 = -10*f + 5*f + m + 35. Let c be (63/6 + -3)*f/12. Let b(z) = 0*z - 3*z + 4 + z. What is b(c)?
-6
Suppose 13*p = -51 + 1078. Let h = -75 + p. Let g(u) = -3*u**2 + 2*u - u**3 + h*u + u + 6 - 3*u. Give g(-4).
6
Let g be 5 + -1 - (-5)/((-25)/5). Let s(x) = 2*x - 3. Let w(p) = -2*p + 2. Let t(j) = g*w(j) + 2*s(j). What is t(7)?
-14
Let y be (63/15)/3 - (-2)/(-5). Let i(c) be the third derivative of -c**7/252 - c**4/12 + 27*c**2. Let w(q) be the second derivative of i(q). Calculate w(y).
-10
Suppose -25 = j - 5*i - 144, 2*j - 2*i = 270. Let q = 136 - j. Let c(n) = -n - 1. What is c(q)?
2
Let q(v) = -v**2 - 6*v. Let b be 25 + -39 + (9 - 0). Determine q(b).
5
Let u(d) = -78*d**3 + 160*d**3 - 8 - 12*d**2 - d - 81*d**3 + 